remainder when 9870 is divided by 396.
366
Calculate the remainder when 104783 is divided by 296.
295
Calculate the remainder when 1863 is divided by 517.
312
Calculate the remainder when 8962 is divided by 118.
112
Calculate the remainder when 6507 is divided by 81.
27
Calculate the remainder when 2546 is divided by 223.
93
Calculate the remainder when 44534 is divided by 5562.
38
Calculate the remainder when 5777 is divided by 82.
37
What is the remainder when 11517 is divided by 180?
177
Calculate the remainder when 15933 is divided by 1327.
9
What is the remainder when 59718 is divided by 59706?
12
What is the remainder when 6843 is divided by 114?
3
What is the remainder when 79605 is divided by 93?
90
Calculate the remainder when 28982 is divided by 9651.
29
What is the remainder when 8656 is divided by 13?
11
What is the remainder when 1856092 is divided by 426?
10
Calculate the remainder when 56376 is divided by 5123.
23
Calculate the remainder when 2375 is divided by 69.
29
What is the remainder when 384714 is divided by 24?
18
What is the remainder when 697584 is divided by 73?
69
Calculate the remainder when 321111 is divided by 160548.
15
Calculate the remainder when 4338 is divided by 706.
102
Calculate the remainder when 2661 is divided by 180.
141
Calculate the remainder when 2149 is divided by 394.
179
Calculate the remainder when 2009 is divided by 168.
161
Calculate the remainder when 67099 is divided by 605.
549
What is the remainder when 120360 is divided by 95?
90
Calculate the remainder when 61235 is divided by 65.
5
What is the remainder when 55486 is divided by 24?
22
Calculate the remainder when 5998 is divided by 60.
58
Calculate the remainder when 679611 is divided by 20594.
9
What is the remainder when 3489 is divided by 1158?
15
Calculate the remainder when 35205 is divided by 17600.
5
What is the remainder when 1089324 is divided by 199?
197
What is the remainder when 78640 is divided by 28?
16
What is the remainder when 34765 is divided by 34?
17
Calculate the remainder when 62650 is divided by 407.
379
Calculate the remainder when 13341 is divided by 182.
55
What is the remainder when 3711 is divided by 530?
1
Calculate the remainder when 103475 is divided by 91.
8
Calculate the remainder when 206424 is divided by 41283.
9
What is the remainder when 49010 is divided by 28?
10
Calculate the remainder when 25073 is divided by 14.
13
What is the remainder when 52317 is divided by 35?
27
Calculate the remainder when 100128 is divided by 62.
60
What is the remainder when 351968 is divided by 62?
56
Calculate the remainder when 146448 is divided by 779.
775
Calculate the remainder when 109218 is divided by 508.
506
Calculate the remainder when 232277 is divided by 109.
107
Calculate the remainder when 30851 is divided by 363.
359
What is the remainder when 767 is divided by 40?
7
What is the remainder when 26040 is divided by 67?
44
Calculate the remainder when 499711 is divided by 61.
60
What is the remainder when 39067 is divided by 296?
291
What is the remainder when 375970 is divided by 14?
0
Calculate the remainder when 853044 is divided by 9.
6
Calculate the remainder when 129534 is divided by 51.
45
What is the remainder when 10251446 is divided by 275?
271
Calculate the remainder when 30265 is divided by 15119.
27
What is the remainder when 7055 is divided by 3511?
33
Calculate the remainder when 161525 is divided by 61.
58
What is the remainder when 1191 is divided by 357?
120
Calculate the remainder when 423631 is divided by 8.
7
Calculate the remainder when 18072 is divided by 8972.
128
What is the remainder when 57236 is divided by 30?
26
Calculate the remainder when 3359689 is divided by 1910.
1909
Calculate the remainder when 21715 is divided by 33.
1
What is the remainder when 54941 is divided by 395?
36
What is the remainder when 1540505 is divided by 66?
65
What is the remainder when 2307 is divided by 2279?
28
Calculate the remainder when 4725 is divided by 356.
97
Calculate the remainder when 132807 is divided by 114.
111
What is the remainder when 10513 is divided by 5224?
65
Calculate the remainder when 30398 is divided by 193.
97
Calculate the remainder when 148975 is divided by 10641.
1
Calculate the remainder when 10764 is divided by 1194.
18
What is the remainder when 1834 is divided by 597?
43
What is the remainder when 8342 is divided by 994?
390
What is the remainder when 80691 is divided by 77?
72
Calculate the remainder when 13779 is divided by 363.
348
Calculate the remainder when 61348 is divided by 1157.
27
Calculate the remainder when 5355 is divided by 5278.
77
What is the remainder when 932992 is divided by 9?
7
What is the remainder when 123481 is divided by 753?
742
What is the remainder when 23068 is divided by 32?
28
What is the remainder when 401889 is divided by 3979?
10
What is the remainder when 163461 is divided by 147?
144
What is the remainder when 318 is divided by 89?
51
What is the remainder when 397491 is divided by 24?
3
Calculate the remainder when 16011 is divided by 16010.
1
Calculate the remainder when 95633 is divided by 63.
62
Calculate the remainder when 3341 is divided by 553.
23
What is the remainder when 4705 is divided by 35?
15
Calculate the remainder when 4152 is divided by 165.
27
Calculate the remainder when 34708 is divided by 11567.
7
Calculate the remainder when 119591 is divided by 179.
19
Calculate the remainder when 978 is divided by 60.
18
What is the remainder when 1455533 is divided by 653?
649
Calculate the remainder when 901275 is divided by 985.
0
What is the remainder when 1800623 is divided by 28?
27
What is the remainder when 46408 is divided by 11?
10
Calculate the remainder when 1619 is divided by 1595.
24
What is the remainder when 71869 is divided by 41?
37
Calculate the remainder when 1161430 is divided by 72.
70
Calculate the remainder when 1662 is divided by 340.
302
Calculate the remainder when 176411 is divided by 15.
11
Calculate the remainder when 9376 is divided by 1868.
36
What is the remainder when 66 is divided by 26?
14
What is the remainder when 7733 is divided by 454?
15
Calculate the remainder when 21362 is divided by 74.
50
Calculate the remainder when 2533 is divided by 211.
1
What is the remainder when 327630 is divided by 81888?
78
What is the remainder when 924169 is divided by 29?
26
What is the remainder when 11387 is divided by 53?
45
Calculate the remainder when 138415 is divided by 10.
5
What is the remainder when 8001629 is divided by 273?
272
What is the remainder when 78604 is divided by 2619?
34
What is the remainder when 130675 is divided by 594?
589
Calculate the remainder when 23441 is divided by 1971.
1760
Calculate the remainder when 6091 is divided by 2030.
1
Calculate the remainder when 1787262 is divided by 53.
49
Calculate the remainder when 254233 is divided by 63.
28
Calculate the remainder when 791719 is divided by 71.
69
What is the remainder when 120543 is divided by 9?
6
What is the remainder when 443 is divided by 274?
169
What is the remainder when 25491 is divided by 14?
11
What is the remainder when 5811 is divided by 529?
521
Calculate the remainder when 170855 is divided by 56.
55
Calculate the remainder when 391068 is divided by 171.
162
Calculate the remainder when 876297 is divided by 508.
505
Calculate the remainder when 10049 is divided by 1115.
14
Calculate the remainder when 18068 is divided by 278.
276
Calculate the remainder when 14649 is divided by 238.
131
What is the remainder when 15865 is divided by 898?
599
What is the remainder when 76979 is divided by 282?
275
What is the remainder when 1096 is divided by 11?
7
Calculate the remainder when 14090 is divided by 243.
239
Calculate the remainder when 507868 is divided by 118.
114
What is the remainder when 84120 is divided by 1956?
12
What is the remainder when 154197 is divided by 5?
2
What is the remainder when 123011 is divided by 1256?
1179
Calculate the remainder when 2982 is divided by 595.
7
What is the remainder when 1096 is divided by 364?
4
What is the remainder when 46536 is divided by 26?
22
Calculate the remainder when 13936 is divided by 186.
172
Calculate the remainder when 99 is divided by 72.
27
What